t(p) + 2*v(p). What is c(g)?
-1
Let o(k) = -k + 2. Let c = 5 - 3. Determine o(c).
0
Let m(r) = 4*r - 7. Let i(z) = -6*z + 10. Let j(u) = 5*i(u) + 7*m(u). What is j(-2)?
5
Suppose 2*l - 4*p + 23 = 9, 0 = 4*l + 3*p + 17. Let r(n) = 4*n + 1. Calculate r(l).
-19
Let a(q) = 2*q**2 + 8*q**3 + 2*q**3 - 5*q**2 - 9*q**3. What is a(2)?
-4
Let z(p) be the first derivative of -p**3/3 - 2*p**2 - 4*p - 7. Give z(-4).
-4
Let b(v) = v**3 - 7*v**2 + 5*v. Suppose -2*u + 2*z - 12 = 4*z, 0 = 2*u - 2*z. Let k be (3/6)/(u/(-36)). Give b(k).
-6
Let v = -15 - -19. Let k be ((-28)/(-35))/(v/(-10)). Let j(w) = w**3 - w**2 - 2*w. Determine j(k).
-8
Let q(y) = y**2 - y - 2. Suppose s + 3 = 2*s. Determine q(s).
4
Let c(r) be the third derivative of r**4/24 + r**3/2 - 12*r**2. Give c(-4).
-1
Let k be (-3)/(-2 - (-1)/2). Let u(c) be the third derivative of c**6/120 - c**3/3 + 3*c**2. What is u(k)?
6
Suppose -5*j = -7*j + 4. Let v(c) = 2*c - c + 14 + 0*c**j + 0*c**2 - c**2. Determine v(0).
14
Let k(u) = u + 6. Suppose 0 = -q - 2*n - 1, 5*q - 4*n + 29 + 18 = 0. Calculate k(q).
-1
Suppose -4*h - 13 - 7 = 0. Let v(n) be the first derivative of 5/3*n**3 + n**2 + n + 1/4*n**4 + 4. What is v(h)?
-9
Let t(h) be the third derivative of h**5/60 + h**4/12 - h**3/6 + h**2. Suppose 3*j = -5*q - 18, -q - 3*j + 6 = -4*q. Calculate t(q).
2
Suppose -4*m = -5*m + 5. Suppose m*b = -2*g - 14, -b - g = g + 6. Let v(p) be the second derivative of -p**4/6 - p**3/6 - p**2 - 27*p. Determine v(b).
-8
Suppose -9 = -3*x + 12. Suppose -3*m = -2*c - 17, -3*m - x = -4*c - 26. Let w(p) = 3*p + 8 - 8. Calculate w(c).
-3
Let i(f) be the third derivative of -f**9/20160 + f**8/20160 - f**7/5040 + f**6/720 + f**5/15 + f**2. Let r(j) be the third derivative of i(j). Determine r(1).
-2
Let d(v) = 3*v. Let p(x) = 2 + 2 + 2*x - 3. Let h(z) = 4*d(z) - 5*p(z). Let n be (1 + 14)*3/9. Give h(n).
5
Let k(i) = i**2 - i + 4. Let l = -15 - -13. Let p(q) = 3*q**2 + 4*q - 1. Let z be p(l). Calculate k(z).
10
Let b(w) = w - 2. Suppose -5*f - 30 - 5 = 0. What is b(f)?
-9
Let q(r) be the third derivative of r**4/24 + r**3/3 - r**2. Suppose 2*m + 8 = 0, 5*p - m + 32 = -4*m. Give q(p).
-2
Let j = 15 + -20. Let n(d) = -6*d - d**2 + 0*d**2 - 6 + d. Determine n(j).
-6
Let i(t) = t**3 + 4*t**2 - 5*t + 7. Let g = 5 - 5. Suppose g*s - 4*s = 20. Give i(s).
7
Let a(m) = -m**3 - m - 5. Let o(s) = -s**2 - 2*s + 1. Let n be o(2). Let l = 7 + n. Suppose 0 = -3*d - l*d. What is a(d)?
-5
Let c(p) = -2*p + 3*p**2 + 8*p - 2*p**2. Determine c(-6).
0
Let l(k) = 7*k - 2*k**2 - 1 - 6 + k**2. Let n(o) = -o + o - 5*o + 5 - o**3 - 6*o**2. Let v be n(-5). Give l(v).
3
Let k(x) be the second derivative of -x**4/12 + x**3/6 + 3*x**2/2 + x. Suppose 2*j + 12 = 5*j. Suppose 0 = 8*w - j*w - 16. Calculate k(w).
-9
Let j(y) = 2*y + 9. Let s(v) = -2*v - 8. Let z(b) = -4*j(b) - 5*s(b). Give z(6).
16
Let p(w) = -w**3 - 6*w**2 + 3*w + 7. Let d = 16 + -22. Give p(d).
-11
Let b(h) = 2*h**2 - 4*h + 11. Let r(g) = -g**2 - g. Let u(f) = -b(f) - 3*r(f). Determine u(-9).
7
Let u(w) = w + 5. Let g be u(3). Let h(b) = -7 + g*b**2 + b**3 - b**2 + b**2 - 3*b**2 - b. Let x(l) = -l**3 + 5*l**2 + 6*l - 5. Let a be x(6). What is h(a)?
-2
Suppose y + 4*y = 30. Suppose 62 = 2*q + 5*k, -2*k + 75 = 3*q + k. Suppose 2*i - 6*i + q = z, 4*i - 2*z = y. Let j(f) = 2*f - 2. What is j(i)?
6
Let j(v) = 3*v**2 - 1 + 0 + 0*v**3 + v**3 - 5*v - 6*v**2. Suppose -h - 3*u - 12 = 0, 0 = h - 0*h - 2*u - 3. Let x = h - -7. What is j(x)?
-5
Let q(d) be the first derivative of 3*d**2/2 - 8*d + 13. Give q(6).
10
Let h(i) be the second derivative of -i**2 + 1/6*i**3 + 0 - 6*i. Give h(7).
5
Let x(t) = -2 + 49*t**2 - 23*t**2 - 25*t**2. Calculate x(4).
14
Let v(h) = -6*h + 2. Suppose -4*r + 0 = 2*p - 2, 0 = -r - 3*p + 13. Calculate v(r).
14
Let a = 35 - 41. Let h(x) = x**2 + 6*x - 7. Give h(a).
-7
Let v(d) be the second derivative of -d**5/20 + d**4/2 + d**3/3 - 7*d**2/2 - 3*d. Calculate v(6).
5
Let f = -3 - -5. Let q(x) be the second derivative of -x**4/8 - x**3/3 - x**2 - 3*x. Let h(i) be the first derivative of q(i). What is h(f)?
-8
Let i(d) = -2*d - 3 + 6*d**3 - 2*d**3 - 12*d**3 - 4*d**2 + 9*d**3. Calculate i(4).
-11
Let s(w) be the first derivative of 1/3*w**3 - 2 + 7/2*w**2 - w. What is s(-6)?
-7
Let g(f) be the first derivative of f**2/2 - 5*f + 9. Suppose -3*n - 5*r = -3, 5*n - 30 - 15 = 5*r. Calculate g(n).
1
Let f be 42/(-8) + (-2)/(-8). Let n(d) = -7*d**2 + 23*d - 1. Let a = -15 - -11. Let h(p) = 3*p**2 - 11*p. Let x(l) = a*n(l) - 9*h(l). What is x(f)?
-6
Let i(d) be the first derivative of -d**6/120 + d**5/15 + d**4/8 - d**3/6 + 5*d**2/2 - 1. Let c(m) be the second derivative of i(m). Give c(4).
11
Let v(l) = 5*l + 2. Let k(h) = -9*h - 3. Let p(i) = 3*k(i) + 5*v(i). Let s = 5 - 3. Suppose s*u + 1 = -3. What is p(u)?
5
Let p(x) = -543*x + 0 + 545*x - 1 - x**2. Let v be 3/2 - (-3)/6. Calculate p(v).
-1
Let d(x) = -x**3 + x**2 + 3. Let q(o) = -o**3 + 2*o**2 + 4*o - 3. Let s be q(3). Calculate d(s).
3
Let z = 6 + -3. Let c(b) be the second derivative of 0 - 3/2*b**2 - 1/6*b**3 - b + 1/12*b**4. Give c(z).
3
Let v(g) = -g - 33 + 4*g + 32. Give v(1).
2
Let b(t) = -t**2 + 7*t + 4. Let w be b(7). Let q(l) = 4*l**2 + 24*l + 0*l**3 - l**3 + 2 - 14*l - 12*l. What is q(w)?
-6
Let i(n) = 4*n + 4 + 4*n + n**2 - n. Suppose 0 = -2*b - 6, -18 = 2*x - 0*b + 2*b. Let m = 1 + x. What is i(m)?
-6
Let b = 3 - 4. Let d = b + 4. Let t(u) be the first derivative of u**3/3 - 3*u**2/2 + u + 1. Calculate t(d).
1
Let s = 9 + -20. Let r be 138/(-33) + (-2)/s. Let j(u) = u + 5. What is j(r)?
1
Let t(m) = -m**3 + 4*m**2 + 5*m - 7. Suppose -2*o + o = 0. Let f(s) = -s + 5. Let n be f(o). Give t(n).
-7
Let b be 94/(-18) - 8/(-36). Let l = 7 + b. Let z(s) = -s**3 + 5*s**2 - s - 1. What is z(l)?
9
Let f(o) = -o + 8. Suppose y + 3 = 5*y + 5*u, -5*y + 12 = -2*u. Suppose 0 = -y*g + 5*q - 25, g + 0*g - q + 5 = 0. Calculate f(g).
8
Suppose -3*w = 17 - 2. Let p(t) = t + 8. Calculate p(w).
3
Let t(f) = -3*f + 21. Suppose 3*o - o - 18 = 0. What is t(o)?
-6
Let w(k) = k + 2. Suppose -4 = -r - 0*r. Suppose 0 = -4*u - r - 20. What is w(u)?
-4
Let g(t) be the second derivative of -t**4/12 - t**3/6 + 2*t**2 + 7*t. Let m(j) = -j + 6. Let k be m(6). Determine g(k).
4
Let b be 2*-9*(-3)/(-6). Let z be (-25)/b + 2/9. Let x(a) = -a**3 + 5*a**2 - 2*a - 4. Give x(z).
8
Let s(v) be the third derivative of -v**4/24 + 2*v**3/3 + 6*v**2. What is s(5)?
-1
Let i be 88/104 + (-2)/(-13). Let p(r) = -2*r**3 + r**2 - r + 1. Calculate p(i).
-1
Let c(f) = -f**2 - f. Let i(v) = -3*v**2 + 2*v + 4. Let w(g) = 4*c(g) - i(g). Give w(-5).
1
Let t(s) = -17*s + 1. Suppose 3*k - 11 = 5*k + 3*l, -k - l - 4 = 0. Calculate t(k).
18
Suppose -4*g + 8 = 2*q, 2*g + 0*g - 4 = -2*q. Let j(r) = -r**2 + 3*r**g + 3*r + 0*r**2 - r**3. Suppose 12 = 5*i - i. What is j(i)?
0
Suppose 0 = 2*p + t - 12, -p + 3*t + 2 = -11. Let f(y) = y + y - 8 + p. Let z be f(-2). Let x(i) = i + 6. Calculate x(z).
1
Let g be ((-2)/3)/((-2)/6). Let s(m) = -m**3 + 4*m**2 - 3*m. Let c be s(3). Let i(f) = -1 + c*f + g*f + 0*f. What is i(1)?
1
Let i(k) = -3*k. Suppose 0*n = 4*n. Let b be -2 + (-3)/(-9)*n. Calculate i(b).
6
Let l(c) = 0*c**3 - c**3 + 4 - 5*c**2 + 2*c**2 + 7*c**2. What is l(4)?
4
Let u(p) = -p**3 + 7*p**2 - 2*p + 3. Let f(b) = b - 1. Let d = 3 + 3. Let g(r) = d*f(r) - u(r). Let i = 1569 + -1563. Calculate g(i).
3
Let i(a) = -11 + 1 + 7*a - 3*a + 6. Calculate i(4).
12
Let x(m) = -m - 1. Let z(q) = q**3 + 3*q**2 + 7*q + 6. Let v(s) = 5*x(s) + z(s). Let d be v(-3). Let u(o) = o**2 + 4*o - 1. Calculate u(d).
4
Let a be 8/20 + (-141)/15. Let z(m) = -m**2 - 7*m + 9. Calculate z(a).
-9
Let s = -5 - -8. Suppose -s*d + 0*d - 6 = 0. Let z(q) = q**3 + 4*q**2 + 2. Determine z(d).
10
Let q = -4 - -7. Let d(a) = -a - 2. Let k(j) = -j - 3 - j + 0*j. Let i(r) = q*k(r) - 4*d(r). Determine i(-3).
5
Suppose 0 = 2*h + v - 14, -61 = h - 6*h + 4*v. Let r = h - 6. Let c(d) = -2*d + 5 - 4 + d. What is c(r)?
-2
Let c(v) = -v**3 - 8*v**2 - 7*v - 5. Let f(d) = -d - 1. Let s be (3*(1 + 1))/1. Let x be f(s). Let g be c(x). Let w(l) = -l**3 - 6*l**2 - 4*l + 6. What is w(g)?
1
Let r(t) = t**3 - 4*t**2 - 6*t + 2. Let n be r(5). Let i = -3 - n. Let k(g) = 0*g + g + g - 2 + i. Determine k(-4).
-10
Let v(m) = m**3 - 2*m - 1. S